nd 100.
20
What is the highest common factor of 22 and 3454?
22
Calculate the highest common divisor of 2691 and 78.
39
What is the highest common factor of 234 and 52?
26
What is the greatest common divisor of 411 and 2603?
137
Calculate the highest common divisor of 481 and 629.
37
What is the highest common divisor of 174 and 7946?
58
What is the greatest common factor of 5580 and 396?
36
What is the greatest common factor of 136 and 1003?
17
What is the highest common factor of 13 and 377?
13
Calculate the highest common factor of 40 and 472.
8
Calculate the highest common factor of 3932 and 24.
4
Calculate the highest common factor of 20 and 5780.
20
What is the highest common factor of 29 and 928?
29
Calculate the greatest common divisor of 206 and 8137.
103
What is the greatest common factor of 3069 and 1485?
99
Calculate the highest common factor of 3 and 1851.
3
Calculate the greatest common divisor of 6 and 9642.
6
Calculate the highest common divisor of 108 and 594.
54
Calculate the greatest common divisor of 1768 and 494.
26
Calculate the highest common factor of 889 and 4064.
127
Calculate the highest common divisor of 22 and 1562.
22
What is the greatest common factor of 26835 and 15?
15
Calculate the greatest common factor of 1037 and 51.
17
Calculate the highest common divisor of 1104 and 156.
12
Calculate the highest common divisor of 10360 and 80.
40
Calculate the highest common divisor of 20 and 1810.
10
What is the highest common divisor of 15 and 540?
15
Calculate the highest common factor of 476 and 884.
68
Calculate the greatest common factor of 4355 and 715.
65
Calculate the highest common factor of 27 and 180.
9
What is the greatest common factor of 539 and 11?
11
What is the greatest common factor of 40 and 32?
8
Calculate the greatest common factor of 4564 and 14.
14
Calculate the highest common factor of 549 and 45.
9
Calculate the highest common factor of 16 and 128.
16
Calculate the highest common factor of 20 and 640.
20
Calculate the highest common factor of 2405 and 65.
65
Calculate the greatest common divisor of 3240 and 40.
40
Calculate the greatest common divisor of 901 and 136.
17
What is the highest common factor of 112 and 84?
28
What is the greatest common factor of 12 and 804?
12
Calculate the highest common factor of 8 and 26.
2
Calculate the highest common factor of 949 and 2249.
13
Calculate the highest common divisor of 10143 and 42.
21
Calculate the greatest common factor of 56 and 136.
8
Calculate the greatest common divisor of 132 and 4224.
132
Calculate the highest common divisor of 35 and 2177.
7
Calculate the highest common divisor of 18 and 48.
6
What is the highest common divisor of 280 and 7?
7
What is the greatest common factor of 47 and 141?
47
What is the highest common divisor of 748 and 2728?
44
Calculate the highest common divisor of 1729 and 182.
91
What is the greatest common divisor of 68 and 391?
17
What is the greatest common factor of 189 and 459?
27
What is the greatest common divisor of 11 and 1375?
11
Calculate the greatest common factor of 771 and 48.
3
What is the highest common factor of 1056 and 64?
32
What is the highest common divisor of 320 and 80?
80
Calculate the highest common factor of 44 and 231.
11
Calculate the greatest common factor of 2983 and 19.
19
Calculate the greatest common divisor of 240 and 96.
48
What is the highest common divisor of 39 and 416?
13
Calculate the highest common divisor of 256 and 24.
8
What is the highest common divisor of 318 and 6?
6
Calculate the greatest common divisor of 368 and 112.
16
What is the greatest common factor of 184 and 23?
23
What is the highest common factor of 2682 and 18?
18
Calculate the highest common factor of 261 and 232.
29
What is the highest common factor of 2110 and 10?
10
Calculate the greatest common divisor of 18 and 4212.
18
What is the greatest common divisor of 4 and 1436?
4
Calculate the greatest common factor of 95 and 361.
19
Calculate the highest common factor of 26 and 6.
2
Calculate the greatest common divisor of 7542 and 54.
18
What is the highest common factor of 6 and 122?
2
What is the highest common factor of 54 and 81?
27
What is the highest common factor of 52 and 286?
26
What is the greatest common factor of 58826 and 134?
134
Calculate the highest common divisor of 32 and 1072.
16
Calculate the greatest common divisor of 8 and 2776.
8
What is the highest common factor of 1280 and 500?
20
What is the greatest common factor of 280 and 32?
8
Calculate the highest common factor of 53 and 27.
1
What is the highest common factor of 78 and 1326?
78
Calculate the greatest common factor of 52 and 12.
4
Calculate the greatest common factor of 19 and 1121.
19
What is the highest common factor of 10480 and 10?
10
Calculate the highest common factor of 273 and 42.
21
Calculate the greatest common factor of 1580 and 40.
20
Calculate the highest common divisor of 8194 and 34.
34
Calculate the greatest common divisor of 4830 and 120.
30
Calculate the greatest common factor of 2436 and 4.
4
What is the highest common factor of 84 and 49?
7
What is the highest common factor of 2337 and 228?
57
What is the greatest common divisor of 505 and 1212?
101
Calculate the greatest common divisor of 122 and 29219.
61
Calculate the greatest common divisor of 21 and 30.
3
Calculate the highest common divisor of 462 and 21.
21
Calculate the greatest common divisor of 22 and 638.
22
What is the highest common factor of 1425 and 1197?
57
Calculate the highest common divisor of 384 and 24.
24
Calculate the highest common factor of 117 and 18.
9
What is the highest common divisor of 616 and 1672?
88
Calculate the greatest common divisor of 9 and 288.
9
Calculate the greatest common factor of 330 and 45.
15
Calculate the highest common factor of 450 and 54.
18
Calculate the highest common factor of 98 and 49.
49
Calculate the greatest common factor of 12 and 9672.
12
Calculate the greatest common factor of 391 and 115.
23
What is the greatest common factor of 70 and 665?
35
Calculate the highest common divisor of 95 and 969.
19
Calculate the highest common divisor of 378 and 35.
7
Calculate the highest common divisor of 36 and 6012.
36
What is the greatest common factor of 19 and 437?
19
What is the greatest common divisor of 1932 and 12?
12
What is the greatest common divisor of 8 and 292?
4
Calculate the greatest common divisor of 336 and 2632.
56
Calculate the greatest common factor of 60 and 15040.
20
Calculate the highest common divisor of 440 and 320.
40
What is the greatest common divisor of 2612 and 8?
4
What is the highest common divisor of 104 and 13?
13
Calculate the highest common divisor of 39 and 65.
13
What is the greatest common divisor of 660 and 300?
60
Calculate the highest common divisor of 40 and 450.
10
Calculate the highest common factor of 1188 and 1056.
132
What is the greatest common factor of 20 and 130?
10
What is the greatest common divisor of 47 and 2867?
47
What is the highest common factor of 768 and 6?
6
What is the highest common divisor of 890 and 30?
10
Calculate the highest common divisor of 54 and 2214.
54
Calculate the greatest common divisor of 8528 and 410.
82
What is the greatest common factor of 4 and 4?
4
Calculate the greatest common divisor of 23 and 4.
1
What is the highest common factor of 96 and 156?
12
Calculate the highest common factor of 4347 and 21.
21
Calculate the greatest common factor of 168 and 63.
21
What is the highest common divisor of 270 and 351?
27
What is the highest common factor of 34 and 544?
34
What is the highest common factor of 68 and 2890?
34
What is the highest common divisor of 53 and 2491?
53
What is the greatest common divisor of 7493 and 118?
59
What is the greatest common factor of 100 and 12?
4
Calculate the greatest common divisor of 336 and 72.
24
What is the greatest common divisor of 1305 and 90?
45
What is the greatest common divisor of 15 and 15?
15
Calculate the greatest common divisor of 192 and 264.
24
What is the greatest common factor of 2 and 16?
2
What is the highest common factor of 11 and 103?
1
What is the highest common factor of 101 and 7979?
101
Calculate the greatest common factor of 76 and 52.
4
What is the highest c